{"id":7,"date":"2019-07-24T13:15:12","date_gmt":"2019-07-24T11:15:12","guid":{"rendered":"http:\/\/creperie-lagourmandise.com\/site\/?page_id=7"},"modified":"2019-07-26T11:46:51","modified_gmt":"2019-07-26T09:46:51","slug":"restaurant","status":"publish","type":"page","link":"https:\/\/creperie-lagourmandise.com\/site\/","title":{"rendered":"Restaurant"},"content":{"rendered":"<p>[et_pb_section fb_built=\u00a0\u00bb1&Prime; _builder_version=\u00a0\u00bb3.23.2&Prime; background_image=\u00a0\u00bbhttps:\/\/creperie-lagourmandise.com\/site\/wp-content\/uploads\/2019\/07\/background01.jpg\u00a0\u00bb background_position=\u00a0\u00bbtop_center\u00a0\u00bb custom_margin=\u00a0\u00bb|||\u00a0\u00bb custom_padding=\u00a0\u00bb10%||10%|\u00a0\u00bb animation_style=\u00a0\u00bbfade\u00a0\u00bb][et_pb_row custom_padding=\u00a0\u00bb|||\u00a0\u00bb custom_margin=\u00a0\u00bb20%||2%|\u00a0\u00bb _builder_version=\u00a0\u00bb3.23.2&Prime; background_color=\u00a0\u00bbrgba(0,35,96,0.7)\u00a0\u00bb max_width=\u00a0\u00bb500px\u00a0\u00bb animation_style=\u00a0\u00bbzoom\u00a0\u00bb animation_intensity_zoom=\u00a0\u00bb10%\u00a0\u00bb][et_pb_column type=\u00a0\u00bb4_4&Prime; _builder_version=\u00a0\u00bb3.0.47&Prime;][et_pb_text _builder_version=\u00a0\u00bb3.23.2&Prime; text_font=\u00a0\u00bbPalanquin|700|||||||\u00a0\u00bb text_text_color=\u00a0\u00bb#ffffff\u00a0\u00bb text_font_size=\u00a0\u00bb20px\u00a0\u00bb text_letter_spacing=\u00a0\u00bb2px\u00a0\u00bb custom_margin=\u00a0\u00bb||0px|\u00a0\u00bb custom_padding=\u00a0\u00bb|20px|0px|20px\u00a0\u00bb]<\/p>\n<p style=\"text-align: center;\">PORT DE SAINT-LAURENT-DU-VAR<br \/><span style=\"color: #65b32e;\">04 93 07 00 32<\/span><\/p>\n<p>[\/et_pb_text][\/et_pb_column][\/et_pb_row][et_pb_row custom_padding=\u00a0\u00bb0px||0px\u00a0\u00bb custom_margin=\u00a0\u00bb0px||0px\u00a0\u00bb _builder_version=\u00a0\u00bb3.23.2&Prime;][et_pb_column type=\u00a0\u00bb4_4&Prime; _builder_version=\u00a0\u00bb3.23.2&Prime;][et_pb_text _builder_version=\u00a0\u00bb3.23.2&Prime; text_font=\u00a0\u00bb||||||||\u00a0\u00bb text_text_align=\u00a0\u00bbcenter\u00a0\u00bb custom_margin=\u00a0\u00bb0px||0px\u00a0\u00bb custom_padding=\u00a0\u00bb0px||0px\u00a0\u00bb]<\/p>\n<p><a href=\"#ancre\"><img loading=\"lazy\" decoding=\"async\" class=\"aligncenter wp-image-295 size-full\" src=\"https:\/\/creperie-lagourmandise.com\/site\/wp-content\/uploads\/2019\/07\/ico-fleche.png\" alt=\"\" width=\"50\" height=\"29\" \/><\/a><\/p>\n<p>[\/et_pb_text][\/et_pb_column][\/et_pb_row][\/et_pb_section][et_pb_section fb_built=\u00a0\u00bb1&Prime; module_id=\u00a0\u00bbancre\u00a0\u00bb _builder_version=\u00a0\u00bb3.23.2&Prime; background_image=\u00a0\u00bbhttps:\/\/creperie-lagourmandise.com\/site\/wp-content\/uploads\/2019\/07\/background02.jpg\u00a0\u00bb background_position=\u00a0\u00bbtop_center\u00a0\u00bb custom_margin=\u00a0\u00bb|||\u00a0\u00bb custom_padding=\u00a0\u00bb10%||10%|\u00a0\u00bb animation_style=\u00a0\u00bbfade\u00a0\u00bb][et_pb_row custom_padding=\u00a0\u00bb|||\u00a0\u00bb custom_margin=\u00a0\u00bb10%||10%|\u00a0\u00bb _builder_version=\u00a0\u00bb3.23.2&Prime; max_width=\u00a0\u00bb900px\u00a0\u00bb animation_style=\u00a0\u00bbzoom\u00a0\u00bb animation_intensity_zoom=\u00a0\u00bb10%\u00a0\u00bb][et_pb_column type=\u00a0\u00bb4_4&Prime; _builder_version=\u00a0\u00bb3.0.47&Prime;][et_pb_text _builder_version=\u00a0\u00bb3.23.2&Prime; text_font=\u00a0\u00bbPalanquin Dark||||||||\u00a0\u00bb text_text_color=\u00a0\u00bb#ffffff\u00a0\u00bb text_font_size=\u00a0\u00bb25px\u00a0\u00bb text_line_height=\u00a0\u00bb1.8em\u00a0\u00bb custom_margin=\u00a0\u00bb|||\u00a0\u00bb custom_padding=\u00a0\u00bb|30px||30px\u00a0\u00bb]<\/p>\n<p style=\"text-align: center;\">Jetez l\u2019ancre \u00e0 La Gourmandise, le paradis des cr\u00eapes.<br \/>En terrasse face \u00e0 la mer, un grand moment gourmand vous attend.<br \/>Au menu, des salades compos\u00e9es avec art, des cr\u00eapes de ma\u00eetre, sal\u00e9es ou sucr\u00e9es, et des desserts hauts en saveurs.<br \/>Attention, vous risquez de devenir accro !<\/p>\n<p style=\"text-align: center;\"><span style=\"color: #65b32e;\">La Gourmandise vous accueille tous les jours de 10h \u00e0 minuit.<\/span><\/p>\n<p>[\/et_pb_text][et_pb_text _builder_version=\u00a0\u00bb3.23.2&Prime; text_font=\u00a0\u00bb||||||||\u00a0\u00bb text_text_align=\u00a0\u00bbcenter\u00a0\u00bb custom_margin=\u00a0\u00bb100px||\u00a0\u00bb]<\/p>\n<p><a href=\"#photos\"><img loading=\"lazy\" decoding=\"async\" class=\"aligncenter wp-image-295 size-full\" src=\"https:\/\/creperie-lagourmandise.com\/site\/wp-content\/uploads\/2019\/07\/ico-fleche.png\" alt=\"\" width=\"50\" height=\"29\" \/><\/a><\/p>\n<p>[\/et_pb_text][\/et_pb_column][\/et_pb_row][\/et_pb_section][et_pb_section fb_built=\u00a0\u00bb1&Prime; admin_label=\u00a0\u00bbSection\u00a0\u00bb module_id=\u00a0\u00bbphotos\u00a0\u00bb _builder_version=\u00a0\u00bb3.23.2&Prime; custom_margin=\u00a0\u00bb0px||0px\u00a0\u00bb custom_padding=\u00a0\u00bb0px||0px\u00a0\u00bb animation_style=\u00a0\u00bbfade\u00a0\u00bb][et_pb_row custom_padding=\u00a0\u00bb0px||0px\u00a0\u00bb custom_margin=\u00a0\u00bb0px||0px\u00a0\u00bb _builder_version=\u00a0\u00bb3.23.2&Prime;][et_pb_column type=\u00a0\u00bb4_4&Prime; _builder_version=\u00a0\u00bb3.23.2&Prime;][et_pb_text _builder_version=\u00a0\u00bb3.23.2&Prime; custom_margin=\u00a0\u00bb0px||0px\u00a0\u00bb custom_padding=\u00a0\u00bb0px||0px\u00a0\u00bb]<div class=\"sp-styles-warning\" style=\"width: 450px; background-color: #FFF; color: #F00; border: 1px solid #F00; padding: 10px; font-size: 14px;\">\n\t\t\t<span style=\"font-weight: bold;\">Warning: The stylesheets were not loaded!<\/span> \n\t\t\tYou will need to change the <i>Load stylesheets<\/i> setting from <i>Automatically<\/i> to <i>On homepage<\/i> or <i>On all pages<\/i>. \n\t\t\tYou can set that <a style=\"text-decoration: underline; color: #F00;\" href=\"https:\/\/creperie-lagourmandise.com\/site\/wp-admin\/admin.php?page=sliderpro-settings\">here<\/a>.\n\t\t\t<\/div>\r\n<div id=\"slider-pro-1\" class=\"slider-pro sp-no-js\" style=\"width: 1900px; height: 1260px;\">\r\n\t<div class=\"sp-slides\">\r\n\t\t\r\n\t\t<div class=\"sp-slide\">\r\n\t\t\t<img loading=\"lazy\" decoding=\"async\" class=\"sp-image\" src=\"http:\/\/creperie-lagourmandise.com\/site\/wp-content\/uploads\/2019\/07\/slides11.jpg\" width=\"1900\" height=\"1260\" \/>\r\n\t\t\t\r\n\t\t<\/div>\r\n\t\t<div class=\"sp-slide\">\r\n\t\t\t<img loading=\"lazy\" decoding=\"async\" class=\"sp-image\" src=\"http:\/\/creperie-lagourmandise.com\/site\/wp-content\/uploads\/2019\/07\/slides15.jpg\" width=\"1900\" height=\"1260\" \/>\r\n\t\t\t\r\n\t\t<\/div>\r\n\t\t<div class=\"sp-slide\">\r\n\t\t\t<img loading=\"lazy\" decoding=\"async\" class=\"sp-image\" src=\"http:\/\/creperie-lagourmandise.com\/site\/wp-content\/uploads\/2019\/07\/slides17.jpg\" width=\"1900\" height=\"1260\" \/>\r\n\t\t\t\r\n\t\t<\/div>\r\n\t\t<div class=\"sp-slide\">\r\n\t\t\t<img loading=\"lazy\" decoding=\"async\" class=\"sp-image\" src=\"http:\/\/creperie-lagourmandise.com\/site\/wp-content\/uploads\/2019\/07\/slides01.jpg\" width=\"1900\" height=\"1260\" \/>\r\n\t\t\t\r\n\t\t<\/div>\r\n\t\t<div class=\"sp-slide\">\r\n\t\t\t<img loading=\"lazy\" decoding=\"async\" class=\"sp-image\" src=\"http:\/\/creperie-lagourmandise.com\/site\/wp-content\/uploads\/2019\/07\/slides05.jpg\" width=\"1900\" height=\"1260\" \/>\r\n\t\t\t\r\n\t\t<\/div>\r\n\t\t<div class=\"sp-slide\">\r\n\t\t\t<img loading=\"lazy\" decoding=\"async\" class=\"sp-image\" src=\"http:\/\/creperie-lagourmandise.com\/site\/wp-content\/uploads\/2019\/07\/slides02.jpg\" width=\"1900\" height=\"1260\" \/>\r\n\t\t\t\r\n\t\t<\/div>\r\n\t\t<div class=\"sp-slide\">\r\n\t\t\t<img loading=\"lazy\" decoding=\"async\" class=\"sp-image\" src=\"http:\/\/creperie-lagourmandise.com\/site\/wp-content\/uploads\/2019\/07\/slides06.jpg\" width=\"1900\" height=\"1260\" \/>\r\n\t\t\t\r\n\t\t<\/div>\r\n\t\t<div class=\"sp-slide\">\r\n\t\t\t<img loading=\"lazy\" decoding=\"async\" class=\"sp-image\" src=\"http:\/\/creperie-lagourmandise.com\/site\/wp-content\/uploads\/2019\/07\/slides03.jpg\" width=\"1900\" height=\"1260\" \/>\r\n\t\t\t\r\n\t\t<\/div>\r\n\t\t<div class=\"sp-slide\">\r\n\t\t\t<img loading=\"lazy\" decoding=\"async\" class=\"sp-image\" src=\"http:\/\/creperie-lagourmandise.com\/site\/wp-content\/uploads\/2019\/07\/slides12.jpg\" width=\"1900\" height=\"1260\" \/>\r\n\t\t\t\r\n\t\t<\/div>\r\n\t\t<div class=\"sp-slide\">\r\n\t\t\t<img loading=\"lazy\" decoding=\"async\" class=\"sp-image\" src=\"http:\/\/creperie-lagourmandise.com\/site\/wp-content\/uploads\/2019\/07\/slides13.jpg\" width=\"1900\" height=\"1260\" \/>\r\n\t\t\t\r\n\t\t<\/div>\r\n\t\t<div class=\"sp-slide\">\r\n\t\t\t<img loading=\"lazy\" decoding=\"async\" class=\"sp-image\" src=\"http:\/\/creperie-lagourmandise.com\/site\/wp-content\/uploads\/2019\/07\/slides04.jpg\" width=\"1900\" height=\"1260\" \/>\r\n\t\t\t\r\n\t\t<\/div>\r\n\t\t<div class=\"sp-slide\">\r\n\t\t\t<img loading=\"lazy\" decoding=\"async\" class=\"sp-image\" src=\"http:\/\/creperie-lagourmandise.com\/site\/wp-content\/uploads\/2019\/07\/slides14.jpg\" width=\"1900\" height=\"1260\" \/>\r\n\t\t\t\r\n\t\t<\/div>\r\n\t\t<div class=\"sp-slide\">\r\n\t\t\t<img loading=\"lazy\" decoding=\"async\" class=\"sp-image\" src=\"http:\/\/creperie-lagourmandise.com\/site\/wp-content\/uploads\/2019\/07\/slides16.jpg\" width=\"1900\" height=\"1260\" \/>\r\n\t\t\t\r\n\t\t<\/div>\r\n\t\t<div class=\"sp-slide\">\r\n\t\t\t<img loading=\"lazy\" decoding=\"async\" class=\"sp-image\" src=\"http:\/\/creperie-lagourmandise.com\/site\/wp-content\/uploads\/2019\/07\/slides07.jpg\" width=\"1900\" height=\"1260\" \/>\r\n\t\t\t\r\n\t\t<\/div>\r\n\t\t<div class=\"sp-slide\">\r\n\t\t\t<img loading=\"lazy\" decoding=\"async\" class=\"sp-image\" src=\"http:\/\/creperie-lagourmandise.com\/site\/wp-content\/uploads\/2019\/07\/slides08.jpg\" width=\"1900\" height=\"1260\" \/>\r\n\t\t\t\r\n\t\t<\/div>\r\n\t\t<div class=\"sp-slide\">\r\n\t\t\t<img loading=\"lazy\" decoding=\"async\" class=\"sp-image\" src=\"http:\/\/creperie-lagourmandise.com\/site\/wp-content\/uploads\/2019\/07\/slides09.jpg\" width=\"1900\" height=\"1260\" \/>\r\n\t\t\t\r\n\t\t<\/div>\r\n\t\t<div class=\"sp-slide\">\r\n\t\t\t<img loading=\"lazy\" decoding=\"async\" class=\"sp-image\" src=\"http:\/\/creperie-lagourmandise.com\/site\/wp-content\/uploads\/2019\/07\/slides10.jpg\" width=\"1900\" height=\"1260\" \/>\r\n\t\t\t\r\n\t\t<\/div>\r\n\t\t<div class=\"sp-slide\">\r\n\t\t\t<img loading=\"lazy\" decoding=\"async\" class=\"sp-image\" src=\"http:\/\/creperie-lagourmandise.com\/site\/wp-content\/uploads\/2019\/07\/slides18.jpg\" width=\"1900\" height=\"1260\" \/>\r\n\t\t\t\r\n\t\t<\/div>\r\n\t<\/div>\r\n<\/div>[\/et_pb_text][\/et_pb_column][\/et_pb_row][\/et_pb_section][et_pb_section fb_built=\u00a0\u00bb1&Prime; module_id=\u00a0\u00bbancre2&Prime; _builder_version=\u00a0\u00bb3.23.2&Prime; background_image=\u00a0\u00bbhttps:\/\/creperie-lagourmandise.com\/site\/wp-content\/uploads\/2019\/07\/background03.jpg\u00a0\u00bb background_position=\u00a0\u00bbtop_center\u00a0\u00bb custom_margin=\u00a0\u00bb|||\u00a0\u00bb custom_padding=\u00a0\u00bb10%||10%|\u00a0\u00bb animation_style=\u00a0\u00bbfade\u00a0\u00bb][et_pb_row custom_padding=\u00a0\u00bb|||\u00a0\u00bb custom_margin=\u00a0\u00bb10%||10%|\u00a0\u00bb _builder_version=\u00a0\u00bb3.23.2&Prime; max_width=\u00a0\u00bb900px\u00a0\u00bb animation_style=\u00a0\u00bbzoom\u00a0\u00bb animation_intensity_zoom=\u00a0\u00bb10%\u00a0\u00bb][et_pb_column type=\u00a0\u00bb4_4&Prime; _builder_version=\u00a0\u00bb3.0.47&Prime;][et_pb_text _builder_version=\u00a0\u00bb3.23.2&Prime; text_font=\u00a0\u00bbPalanquin Dark||||||||\u00a0\u00bb text_text_color=\u00a0\u00bb#ffffff\u00a0\u00bb text_font_size=\u00a0\u00bb25px\u00a0\u00bb text_line_height=\u00a0\u00bb2.2em\u00a0\u00bb custom_margin=\u00a0\u00bb|||\u00a0\u00bb custom_padding=\u00a0\u00bb|30px||30px\u00a0\u00bb]<\/p>\n<p style=\"text-align: center;\"><span style=\"color: #65b32e;\">\u2022<\/span> <span style=\"color: #ffffff;\">La Gourmandise since 1978<\/span><br \/><span style=\"color: #65b32e;\">\u2022<\/span> <span style=\"color: #ffffff;\">Glaces de fabrication artisanale<\/span><br \/><span style=\"color: #65b32e;\">\u2022<\/span> <span style=\"color: #ffffff;\">Tout est fait maison et \u00e0 la demande<\/span><br \/><span style=\"color: #65b32e;\">\u2022<\/span> <span style=\"color: #ffffff;\">Les assiettes sont g\u00e9n\u00e9reuses<\/span><br \/><span style=\"color: #65b32e;\">\u2022<\/span> <span style=\"color: #ffffff;\">Service non stop, quelle que soit l\u2019heure<\/span><br \/><span style=\"color: #65b32e;\">\u2022<\/span> <span style=\"color: #ffffff;\">Ambiance conviviale garantie<\/span><br \/><span style=\"color: #65b32e;\">\u2022<\/span> <span style=\"color: #ffffff;\">Les groupes sont les bienvenus<\/span><br \/><span style=\"color: #65b32e;\">\u2022<\/span> <span style=\"color: #ffffff;\">Rapport qualit\u00e9-prix imbattable<\/span><br \/><span style=\"color: #65b32e;\">\u2022<\/span> <span style=\"color: #ffffff;\">Stationnement facile \u00e0 proximit\u00e9<\/span><\/p>\n<p>[\/et_pb_text][et_pb_text _builder_version=\u00a0\u00bb3.23.2&Prime; text_font=\u00a0\u00bb||||||||\u00a0\u00bb text_text_align=\u00a0\u00bbcenter\u00a0\u00bb custom_margin=\u00a0\u00bb100px||\u00a0\u00bb]<\/p>\n<p><a href=\"#adresse\"><img loading=\"lazy\" decoding=\"async\" class=\"aligncenter wp-image-295 size-full\" src=\"https:\/\/creperie-lagourmandise.com\/site\/wp-content\/uploads\/2019\/07\/ico-fleche.png\" alt=\"\" width=\"50\" height=\"29\" \/><\/a><\/p>\n<p>[\/et_pb_text][\/et_pb_column][\/et_pb_row][\/et_pb_section][et_pb_section fb_built=\u00a0\u00bb1&Prime; module_id=\u00a0\u00bbadresse\u00a0\u00bb _builder_version=\u00a0\u00bb3.23.2&Prime; background_color=\u00a0\u00bb#4a5f77&Prime; background_position=\u00a0\u00bbtop_center\u00a0\u00bb custom_margin=\u00a0\u00bb|||\u00a0\u00bb custom_padding=\u00a0\u00bb10%||10%|\u00a0\u00bb animation_style=\u00a0\u00bbfade\u00a0\u00bb][et_pb_row custom_padding=\u00a0\u00bb|||\u00a0\u00bb custom_margin=\u00a0\u00bb|||\u00a0\u00bb _builder_version=\u00a0\u00bb3.23.2&Prime; max_width=\u00a0\u00bb900px\u00a0\u00bb animation_style=\u00a0\u00bbzoom\u00a0\u00bb animation_intensity_zoom=\u00a0\u00bb10%\u00a0\u00bb][et_pb_column type=\u00a0\u00bb4_4&Prime; _builder_version=\u00a0\u00bb3.0.47&Prime;][et_pb_text _builder_version=\u00a0\u00bb3.23.2&Prime; text_font=\u00a0\u00bbPalanquin Dark||||||||\u00a0\u00bb text_text_align=\u00a0\u00bbcenter\u00a0\u00bb text_text_color=\u00a0\u00bb#ffffff\u00a0\u00bb text_font_size=\u00a0\u00bb25px\u00a0\u00bb text_line_height=\u00a0\u00bb1.8em\u00a0\u00bb custom_margin=\u00a0\u00bb|||\u00a0\u00bb custom_padding=\u00a0\u00bb|30px||30px\u00a0\u00bb]<img loading=\"lazy\" decoding=\"async\" class=\"alignnone wp-image-70 size-full\" src=\"https:\/\/creperie-lagourmandise.com\/site\/wp-content\/uploads\/2019\/07\/logo-lagourmandise.png\" alt=\"\" width=\"576\" height=\"171\" srcset=\"https:\/\/creperie-lagourmandise.com\/site\/wp-content\/uploads\/2019\/07\/logo-lagourmandise.png 576w, https:\/\/creperie-lagourmandise.com\/site\/wp-content\/uploads\/2019\/07\/logo-lagourmandise-300x89.png 300w\" sizes=\"auto, (max-width: 576px) 100vw, 576px\" \/><\/p>\n<p><strong>Nous trouver<\/strong><\/p>\n<p>Port de Saint-Laurent-du-Var<br \/>\n04 93 07 00 32<br \/>\n<a href=\"mailto:creperielagourmandise@gmail.com\"><span style=\"color: #ffffff;\">creperielagourmandise@gmail.com<\/span><\/a>[\/et_pb_text][et_pb_text _builder_version=\u00a0\u00bb3.23.2&Prime; text_font=\u00a0\u00bb||||||||\u00a0\u00bb text_text_align=\u00a0\u00bbcenter\u00a0\u00bb]<\/p>\n<p><a href=\"https:\/\/www.facebook.com\/Cr\u00e8perie-La-Gourmandise-55064596222\/\" target=\"_blank\" rel=\"noopener noreferrer\"><img loading=\"lazy\" decoding=\"async\" class=\"alignnone wp-image-437 size-full\" src=\"https:\/\/creperie-lagourmandise.com\/site\/wp-content\/uploads\/2019\/07\/ico-facebook.png\" alt=\"\" width=\"100\" height=\"80\" \/><\/a> <a href=\"https:\/\/www.instagram.com\/creperie_la_gourmandise\/?hl=fr\" target=\"_blank\" rel=\"noopener noreferrer\"><img loading=\"lazy\" decoding=\"async\" class=\"alignnone wp-image-438 size-full\" src=\"https:\/\/creperie-lagourmandise.com\/site\/wp-content\/uploads\/2019\/07\/ico-instagram.png\" alt=\"\" width=\"100\" height=\"80\" \/><\/a><\/p>\n<p>[\/et_pb_text][et_pb_text _builder_version=\u00a0\u00bb3.23.2&Prime; text_font=\u00a0\u00bb||||||||\u00a0\u00bb text_text_align=\u00a0\u00bbcenter\u00a0\u00bb custom_margin=\u00a0\u00bb100px||\u00a0\u00bb]<\/p>\n<p><a href=\"#plan\"><img loading=\"lazy\" decoding=\"async\" class=\"aligncenter wp-image-295 size-full\" src=\"https:\/\/creperie-lagourmandise.com\/site\/wp-content\/uploads\/2019\/07\/ico-fleche.png\" alt=\"\" width=\"50\" height=\"29\" \/><\/a><\/p>\n<p>[\/et_pb_text][\/et_pb_column][\/et_pb_row][\/et_pb_section][et_pb_section fb_built=\u00a0\u00bb1&Prime; module_id=\u00a0\u00bbplan\u00a0\u00bb _builder_version=\u00a0\u00bb3.23.2&Prime; background_color=\u00a0\u00bb#2e3c4b\u00a0\u00bb custom_margin=\u00a0\u00bb0px||0px\u00a0\u00bb custom_padding=\u00a0\u00bb0px|0px|0px|0px\u00a0\u00bb animation_style=\u00a0\u00bbfade\u00a0\u00bb][et_pb_row custom_padding=\u00a0\u00bb0px|0px|0px|0px\u00a0\u00bb custom_margin=\u00a0\u00bb0px||0px\u00a0\u00bb _builder_version=\u00a0\u00bb3.23.2&Prime; width=\u00a0\u00bb100%\u00a0\u00bb max_width=\u00a0\u00bb100%\u00a0\u00bb][et_pb_column type=\u00a0\u00bb4_4&Prime; _builder_version=\u00a0\u00bb3.23.2&Prime;][et_pb_code _builder_version=\u00a0\u00bb3.23.2&Prime;]<\/p>\n<p><iframe loading=\"lazy\" style=\"border: 0;\" src=\"https:\/\/www.google.com\/maps\/embed?pb=!1m18!1m12!1m3!1d2886.576989663875!2d7.180674743461227!3d43.65696854882517!2m3!1f0!2f0!3f0!3m2!1i1024!2i768!4f13.1!3m3!1m2!1s0x12cdd1592e6cf197%3A0x7b3ce5bf3db39de2!2sCr%C3%AAperie+La+Gourmandise!5e0!3m2!1sfr!2sfr!4v1563986630007!5m2!1sfr!2sfr\" width=\"100%\" height=\"600\" frameborder=\"0\" allowfullscreen=\"allowfullscreen\"><\/iframe><\/p>\n<p>[\/et_pb_code][\/et_pb_column][\/et_pb_row][\/et_pb_section]<\/p>\n","protected":false},"excerpt":{"rendered":"<p>[et_pb_section fb_built=\u00a0\u00bb1&Prime; _builder_version=\u00a0\u00bb3.23.2&Prime; background_image=\u00a0\u00bbhttps:\/\/creperie-lagourmandise.com\/site\/wp-content\/uploads\/2019\/07\/background01.jpg\u00a0\u00bb background_position=\u00a0\u00bbtop_center\u00a0\u00bb custom_margin=\u00a0\u00bb|||\u00a0\u00bb custom_padding=\u00a0\u00bb10%||10%|\u00a0\u00bb animation_style=\u00a0\u00bbfade\u00a0\u00bb][et_pb_row custom_padding=\u00a0\u00bb|||\u00a0\u00bb custom_margin=\u00a0\u00bb20%||2%|\u00a0\u00bb _builder_version=\u00a0\u00bb3.23.2&Prime; background_color=\u00a0\u00bbrgba(0,35,96,0.7)\u00a0\u00bb max_width=\u00a0\u00bb500px\u00a0\u00bb animation_style=\u00a0\u00bbzoom\u00a0\u00bb animation_intensity_zoom=\u00a0\u00bb10%\u00a0\u00bb][et_pb_column type=\u00a0\u00bb4_4&Prime; _builder_version=\u00a0\u00bb3.0.47&Prime;][et_pb_text _builder_version=\u00a0\u00bb3.23.2&Prime; text_font=\u00a0\u00bbPalanquin|700|||||||\u00a0\u00bb text_text_color=\u00a0\u00bb#ffffff\u00a0\u00bb text_font_size=\u00a0\u00bb20px\u00a0\u00bb text_letter_spacing=\u00a0\u00bb2px\u00a0\u00bb custom_margin=\u00a0\u00bb||0px|\u00a0\u00bb custom_padding=\u00a0\u00bb|20px|0px|20px\u00a0\u00bb] PORT DE SAINT-LAURENT-DU-VAR04 93 07 00 32 [\/et_pb_text][\/et_pb_column][\/et_pb_row][et_pb_row custom_padding=\u00a0\u00bb0px||0px\u00a0\u00bb custom_margin=\u00a0\u00bb0px||0px\u00a0\u00bb _builder_version=\u00a0\u00bb3.23.2&Prime;][et_pb_column type=\u00a0\u00bb4_4&Prime; _builder_version=\u00a0\u00bb3.23.2&Prime;][et_pb_text _builder_version=\u00a0\u00bb3.23.2&Prime; text_font=\u00a0\u00bb||||||||\u00a0\u00bb text_text_align=\u00a0\u00bbcenter\u00a0\u00bb custom_margin=\u00a0\u00bb0px||0px\u00a0\u00bb custom_padding=\u00a0\u00bb0px||0px\u00a0\u00bb] [\/et_pb_text][\/et_pb_column][\/et_pb_row][\/et_pb_section][et_pb_section fb_built=\u00a0\u00bb1&Prime; module_id=\u00a0\u00bbancre\u00a0\u00bb _builder_version=\u00a0\u00bb3.23.2&Prime; background_image=\u00a0\u00bbhttps:\/\/creperie-lagourmandise.com\/site\/wp-content\/uploads\/2019\/07\/background02.jpg\u00a0\u00bb background_position=\u00a0\u00bbtop_center\u00a0\u00bb custom_margin=\u00a0\u00bb|||\u00a0\u00bb custom_padding=\u00a0\u00bb10%||10%|\u00a0\u00bb animation_style=\u00a0\u00bbfade\u00a0\u00bb][et_pb_row custom_padding=\u00a0\u00bb|||\u00a0\u00bb custom_margin=\u00a0\u00bb10%||10%|\u00a0\u00bb _builder_version=\u00a0\u00bb3.23.2&Prime; max_width=\u00a0\u00bb900px\u00a0\u00bb [&hellip;]<\/p>\n","protected":false},"author":1,"featured_media":0,"parent":0,"menu_order":0,"comment_status":"closed","ping_status":"closed","template":"","meta":{"_et_pb_use_builder":"on","_et_pb_old_content":"","footnotes":""},"class_list":["post-7","page","type-page","status-publish","hentry"],"_links":{"self":[{"href":"https:\/\/creperie-lagourmandise.com\/site\/wp-json\/wp\/v2\/pages\/7","targetHints":{"allow":["GET"]}}],"collection":[{"href":"https:\/\/creperie-lagourmandise.com\/site\/wp-json\/wp\/v2\/pages"}],"about":[{"href":"https:\/\/creperie-lagourmandise.com\/site\/wp-json\/wp\/v2\/types\/page"}],"author":[{"embeddable":true,"href":"https:\/\/creperie-lagourmandise.com\/site\/wp-json\/wp\/v2\/users\/1"}],"replies":[{"embeddable":true,"href":"https:\/\/creperie-lagourmandise.com\/site\/wp-json\/wp\/v2\/comments?post=7"}],"version-history":[{"count":136,"href":"https:\/\/creperie-lagourmandise.com\/site\/wp-json\/wp\/v2\/pages\/7\/revisions"}],"predecessor-version":[{"id":462,"href":"https:\/\/creperie-lagourmandise.com\/site\/wp-json\/wp\/v2\/pages\/7\/revisions\/462"}],"wp:attachment":[{"href":"https:\/\/creperie-lagourmandise.com\/site\/wp-json\/wp\/v2\/media?parent=7"}],"curies":[{"name":"wp","href":"https:\/\/api.w.org\/{rel}","templated":true}]}}